{"id":521,"date":"2021-04-23T15:47:33","date_gmt":"2021-04-23T15:47:33","guid":{"rendered":"http:\/\/fetishtattoo.wpsservice.ddns.net\/?page_id=521"},"modified":"2022-02-08T21:33:49","modified_gmt":"2022-02-08T21:33:49","slug":"lezeres-tetovalas-eltavolitas","status":"publish","type":"page","link":"https:\/\/fetishtattoo.com\/index.php\/lezeres-tetovalas-eltavolitas\/","title":{"rendered":"L\u00e9zeres tetov\u00e1l\u00e1s elt\u00e1vol\u00edt\u00e1s"},"content":{"rendered":"\t\t<div data-elementor-type=\"wp-page\" data-elementor-id=\"521\" class=\"elementor elementor-521\">\n\t\t\t\t\t\t<section class=\"elementor-section elementor-top-section elementor-element elementor-element-0ac0616 elementor-section-boxed elementor-section-height-default elementor-section-height-default\" data-id=\"0ac0616\" data-element_type=\"section\">\n\t\t\t\t\t\t\t<div class=\"elementor-background-overlay\"><\/div>\n\t\t\t\t\t\t\t<div class=\"elementor-container elementor-column-gap-default\">\n\t\t\t\t\t<div class=\"elementor-column elementor-col-100 elementor-top-column elementor-element elementor-element-87be7c4\" data-id=\"87be7c4\" data-element_type=\"column\">\n\t\t\t<div class=\"elementor-widget-wrap elementor-element-populated\">\n\t\t\t\t\t\t<div class=\"elementor-element elementor-element-85f7ab4 elementor-widget elementor-widget-spacer\" data-id=\"85f7ab4\" data-element_type=\"widget\" data-widget_type=\"spacer.default\">\n\t\t\t\t<div class=\"elementor-widget-container\">\n\t\t\t\t\t\t\t<div class=\"elementor-spacer\">\n\t\t\t<div class=\"elementor-spacer-inner\"><\/div>\n\t\t<\/div>\n\t\t\t\t\t\t<\/div>\n\t\t\t\t<\/div>\n\t\t\t\t<div class=\"elementor-element elementor-element-cdaf51f elementor-widget elementor-widget-heading\" data-id=\"cdaf51f\" data-element_type=\"widget\" data-widget_type=\"heading.default\">\n\t\t\t\t<div class=\"elementor-widget-container\">\n\t\t\t\t\t<h1 class=\"elementor-heading-title elementor-size-default\">L\u00e9zeres tetov\u00e1l\u00e1s elt\u00e1vol\u00edt\u00e1s<\/h1>\t\t\t\t<\/div>\n\t\t\t\t<\/div>\n\t\t\t\t<div class=\"elementor-element elementor-element-8f3b8c8 elementor-widget elementor-widget-spacer\" data-id=\"8f3b8c8\" data-element_type=\"widget\" data-widget_type=\"spacer.default\">\n\t\t\t\t<div class=\"elementor-widget-container\">\n\t\t\t\t\t\t\t<div class=\"elementor-spacer\">\n\t\t\t<div class=\"elementor-spacer-inner\"><\/div>\n\t\t<\/div>\n\t\t\t\t\t\t<\/div>\n\t\t\t\t<\/div>\n\t\t\t\t\t<\/div>\n\t\t<\/div>\n\t\t\t\t\t<\/div>\n\t\t<\/section>\n\t\t\t\t<section class=\"elementor-section elementor-top-section elementor-element elementor-element-63f9c06 elementor-section-boxed elementor-section-height-default elementor-section-height-default\" data-id=\"63f9c06\" data-element_type=\"section\">\n\t\t\t\t\t\t<div class=\"elementor-container elementor-column-gap-default\">\n\t\t\t\t\t<div class=\"elementor-column elementor-col-100 elementor-top-column elementor-element elementor-element-d9f926c\" data-id=\"d9f926c\" data-element_type=\"column\">\n\t\t\t<div class=\"elementor-widget-wrap elementor-element-populated\">\n\t\t\t\t\t\t<div class=\"elementor-element elementor-element-39eb863 elementor-widget elementor-widget-text-editor\" data-id=\"39eb863\" data-element_type=\"widget\" data-widget_type=\"text-editor.default\">\n\t\t\t\t<div class=\"elementor-widget-container\">\n\t\t\t\t\t\t\t\t\t<h2 style=\"text-align: center;\">Hegmentes l\u00e9zeres tetov\u00e1l\u00e1s elt\u00e1vol\u00edt\u00e1s is el\u00e9rhet\u0151 st\u00fadi\u00f3nkban,<\/h2><h2 style=\"text-align: center;\">a legmodernebb YAG l\u00e9zer Q-switch g\u00e9p seg\u00edts\u00e9g\u00e9vel.<\/h2>\t\t\t\t\t\t\t\t<\/div>\n\t\t\t\t<\/div>\n\t\t\t\t<div class=\"elementor-element elementor-element-40e24a0 elementor-widget elementor-widget-spacer\" data-id=\"40e24a0\" data-element_type=\"widget\" data-widget_type=\"spacer.default\">\n\t\t\t\t<div class=\"elementor-widget-container\">\n\t\t\t\t\t\t\t<div class=\"elementor-spacer\">\n\t\t\t<div class=\"elementor-spacer-inner\"><\/div>\n\t\t<\/div>\n\t\t\t\t\t\t<\/div>\n\t\t\t\t<\/div>\n\t\t\t\t\t<\/div>\n\t\t<\/div>\n\t\t\t\t\t<\/div>\n\t\t<\/section>\n\t\t\t\t<section class=\"elementor-section elementor-top-section elementor-element elementor-element-ae55f93 elementor-section-boxed elementor-section-height-default elementor-section-height-default\" data-id=\"ae55f93\" data-element_type=\"section\">\n\t\t\t\t\t\t<div class=\"elementor-container elementor-column-gap-default\">\n\t\t\t\t\t<div class=\"elementor-column elementor-col-100 elementor-top-column elementor-element elementor-element-511e7e9\" data-id=\"511e7e9\" data-element_type=\"column\">\n\t\t\t<div class=\"elementor-widget-wrap elementor-element-populated\">\n\t\t\t\t\t\t<section class=\"elementor-section elementor-inner-section elementor-element elementor-element-1a2a5f7 elementor-section-boxed elementor-section-height-default elementor-section-height-default\" data-id=\"1a2a5f7\" data-element_type=\"section\">\n\t\t\t\t\t\t<div class=\"elementor-container elementor-column-gap-default\">\n\t\t\t\t\t<div class=\"elementor-column elementor-col-50 elementor-inner-column elementor-element elementor-element-a4d3189\" data-id=\"a4d3189\" data-element_type=\"column\">\n\t\t\t<div class=\"elementor-widget-wrap elementor-element-populated\">\n\t\t\t\t\t\t<div class=\"elementor-element elementor-element-09531fa elementor-widget elementor-widget-text-editor\" data-id=\"09531fa\" data-element_type=\"widget\" data-widget_type=\"text-editor.default\">\n\t\t\t\t<div class=\"elementor-widget-container\">\n\t\t\t\t\t\t\t\t\t<p>A YAG l\u00e9zer Q-switch n\u00e9h\u00e1ny kezel\u00e9st k\u00f6vet\u0151en k\u00e9pes a tetov\u00e1l\u00e1sokat elt\u00e1vol\u00edtani, hegesed\u00e9s n\u00e9lk\u00fcl.<\/p><p>\u00a0<\/p><p>A folyamat egyszer\u0171, egyes fest\u00e9kekben a kett\u0151s k\u00f6t\u00e9seket bontja fel, m\u00e1sokban fragment\u00e1l, majd a pigment darabk\u00e1k a fal\u00f3sejtek seg\u00edts\u00e9g\u00e9vel a nyirokrendszeren kereszt\u00fcl ki\u00fcr\u00fclnek. DermaLight Q-kapcsolt ND:Yag l\u00e9zer kiemelked\u0151 hat\u00e9konys\u00e1g\u00fa tetov\u00e1l\u00e1s elt\u00e1vol\u00edt\u00f3 g\u00e9p \u00e9s orvosi CE min\u0151s\u00edt\u00e9ssel rendelkezik.<\/p><p>\u00a0<\/p><p>A Q-kapcsolt l\u00e9zer energi\u00e1ja olyan gyorsan meleg\u00edti fel a pigmentszemcs\u00e9ket, hogy azok a k\u00f6rnyez\u0151 b\u0151r felmeleged\u00e9se n\u00e9lk\u00fcl robbannak fel, nincs \u00e9g\u00e9si s\u00e9r\u00fcl\u00e9s, \u00edgy nem okoz hegk\u00e9pz\u0151d\u00e9st.<\/p><p>\u00a0<\/p><p>A halv\u00e1nyod\u00e1s csak r\u00e9szben m\u00falik a kezel\u00e9sen, ez jelent\u0151s r\u00e9szben a b\u0151rben l\u00e9v\u0151 fal\u00f3sejtek aktivit\u00e1s\u00e1n m\u00falik. A tetov\u00e1l\u00e1s elt\u00e1vol\u00edt\u00e1s kezel\u00e9s\u00e9nek hossz\u00e1t\u00a0befoly\u00e1solja a b\u0151rsz\u00edn, a tetov\u00e1l\u00e1s helye, mennyis\u00e9ge, sz\u00edne, m\u00e9lys\u00e9ge, a tetov\u00e1lt r\u00e9tegek sz\u00e1ma.<\/p>\t\t\t\t\t\t\t\t<\/div>\n\t\t\t\t<\/div>\n\t\t\t\t\t<\/div>\n\t\t<\/div>\n\t\t\t\t<div class=\"elementor-column elementor-col-50 elementor-inner-column elementor-element elementor-element-7e93178\" data-id=\"7e93178\" data-element_type=\"column\">\n\t\t\t<div class=\"elementor-widget-wrap elementor-element-populated\">\n\t\t\t\t\t\t<div class=\"elementor-element elementor-element-00ac8c7 elementor-widget elementor-widget-image\" data-id=\"00ac8c7\" data-element_type=\"widget\" data-widget_type=\"image.default\">\n\t\t\t\t<div class=\"elementor-widget-container\">\n\t\t\t\t\t\t\t\t\t\t\t\t\t\t\t<img fetchpriority=\"high\" decoding=\"async\" width=\"553\" height=\"393\" src=\"https:\/\/fetishtattoo.com\/wp-content\/uploads\/2021\/04\/lezeres_tetovalas_eltavolitas-1.png\" class=\"attachment-large size-large wp-image-327\" alt=\"\" srcset=\"https:\/\/fetishtattoo.com\/wp-content\/uploads\/2021\/04\/lezeres_tetovalas_eltavolitas-1.png 553w, https:\/\/fetishtattoo.com\/wp-content\/uploads\/2021\/04\/lezeres_tetovalas_eltavolitas-1-300x213.png 300w\" sizes=\"(max-width: 553px) 100vw, 553px\" \/>\t\t\t\t\t\t\t\t\t\t\t\t\t\t\t<\/div>\n\t\t\t\t<\/div>\n\t\t\t\t<div class=\"elementor-element elementor-element-a71093a elementor-widget elementor-widget-text-editor\" data-id=\"a71093a\" data-element_type=\"widget\" data-widget_type=\"text-editor.default\">\n\t\t\t\t<div class=\"elementor-widget-container\">\n\t\t\t\t\t\t\t\t\t<ul><li><h3>Elrontott vagy r\u00e9gi tetov\u00e1l\u00e1sok eltakar\u00e1sa vagy elt\u0171ntet\u00e9se<\/h3><\/li><li><h3>Biztons\u00e1gos, m\u0171t\u00e9ti seb n\u00e9lk\u00fcli beavatkoz\u00e1s<\/h3><\/li><li><h3>Nem okoz hegesed\u00e9st \u00e9s b\u0151rsz\u00edn v\u00e1ltoz\u00e1st<\/h3><\/li><li><h3>Ak\u00e1r nagy m\u00e9ret\u0171 tetov\u00e1l\u00e1sok elt\u00e1vol\u00edt\u00e1sa<\/h3><\/li><li><h3>Steril k\u00f6rnyezet \u00e9s szakk\u00e9pzett csapat<\/h3><\/li><\/ul>\t\t\t\t\t\t\t\t<\/div>\n\t\t\t\t<\/div>\n\t\t\t\t\t<\/div>\n\t\t<\/div>\n\t\t\t\t\t<\/div>\n\t\t<\/section>\n\t\t\t\t<div class=\"elementor-element elementor-element-cb1ef5c elementor-align-center elementor-widget elementor-widget-button\" data-id=\"cb1ef5c\" data-element_type=\"widget\" data-widget_type=\"button.default\">\n\t\t\t\t<div class=\"elementor-widget-container\">\n\t\t\t\t\t\t\t\t\t<div class=\"elementor-button-wrapper\">\n\t\t\t\t\t<a class=\"elementor-button elementor-button-link elementor-size-xl\" href=\"https:\/\/fetishtattoo.com\/index.php\/arak\/\">\n\t\t\t\t\t\t<span class=\"elementor-button-content-wrapper\">\n\t\t\t\t\t\t\t\t\t<span class=\"elementor-button-text\">\u00c1rak<\/span>\n\t\t\t\t\t<\/span>\n\t\t\t\t\t<\/a>\n\t\t\t\t<\/div>\n\t\t\t\t\t\t\t\t<\/div>\n\t\t\t\t<\/div>\n\t\t\t\t\t<\/div>\n\t\t<\/div>\n\t\t\t\t\t<\/div>\n\t\t<\/section>\n\t\t\t\t<section class=\"elementor-section elementor-top-section elementor-element elementor-element-de3b326 elementor-section-stretched elementor-section-boxed elementor-section-height-default elementor-section-height-default\" data-id=\"de3b326\" data-element_type=\"section\" data-settings=\"{&quot;stretch_section&quot;:&quot;section-stretched&quot;}\">\n\t\t\t\t\t\t<div class=\"elementor-container elementor-column-gap-default\">\n\t\t\t\t\t<div class=\"elementor-column elementor-col-100 elementor-top-column elementor-element elementor-element-1479739\" data-id=\"1479739\" data-element_type=\"column\">\n\t\t\t<div class=\"elementor-widget-wrap elementor-element-populated\">\n\t\t\t\t\t\t<div class=\"elementor-element elementor-element-e852b89 elementor-arrows-position-inside elementor-pagination-position-outside elementor-widget elementor-widget-image-carousel\" data-id=\"e852b89\" data-element_type=\"widget\" data-settings=\"{&quot;navigation&quot;:&quot;both&quot;,&quot;autoplay&quot;:&quot;yes&quot;,&quot;pause_on_hover&quot;:&quot;yes&quot;,&quot;pause_on_interaction&quot;:&quot;yes&quot;,&quot;autoplay_speed&quot;:5000,&quot;infinite&quot;:&quot;yes&quot;,&quot;speed&quot;:500}\" data-widget_type=\"image-carousel.default\">\n\t\t\t\t<div class=\"elementor-widget-container\">\n\t\t\t\t\t\t\t<div class=\"elementor-image-carousel-wrapper swiper\" role=\"region\" aria-roledescription=\"carousel\" aria-label=\"K\u00e9p k\u00f6rhinta\" dir=\"ltr\">\n\t\t\t<div class=\"elementor-image-carousel swiper-wrapper\" aria-live=\"off\">\n\t\t\t\t\t\t\t\t<div class=\"swiper-slide\" role=\"group\" aria-roledescription=\"slide\" aria-label=\"1 \/ 3\"><figure class=\"swiper-slide-inner\"><img decoding=\"async\" class=\"swiper-slide-image\" src=\"https:\/\/fetishtattoo.com\/wp-content\/uploads\/2021\/04\/176535938_332115335162871_7390356036536035197_n.jpg\" alt=\"176535938_332115335162871_7390356036536035197_n\" \/><\/figure><\/div><div class=\"swiper-slide\" role=\"group\" aria-roledescription=\"slide\" aria-label=\"2 \/ 3\"><figure class=\"swiper-slide-inner\"><img decoding=\"async\" class=\"swiper-slide-image\" src=\"https:\/\/fetishtattoo.com\/wp-content\/uploads\/2021\/04\/176305922_3783093308405598_152057620403330954_n.jpg\" alt=\"176305922_3783093308405598_152057620403330954_n\" \/><\/figure><\/div><div class=\"swiper-slide\" role=\"group\" aria-roledescription=\"slide\" aria-label=\"3 \/ 3\"><figure class=\"swiper-slide-inner\"><img decoding=\"async\" class=\"swiper-slide-image\" src=\"https:\/\/fetishtattoo.com\/wp-content\/uploads\/2021\/04\/tetovalas_lezeres_eltavolitas.jpg\" alt=\"tetovalas_lezeres_eltavolitas\" \/><\/figure><\/div>\t\t\t<\/div>\n\t\t\t\t\t\t\t\t\t\t\t\t<div class=\"elementor-swiper-button elementor-swiper-button-prev\" role=\"button\" tabindex=\"0\">\n\t\t\t\t\t\t<i aria-hidden=\"true\" class=\"eicon-chevron-left\"><\/i>\t\t\t\t\t<\/div>\n\t\t\t\t\t<div class=\"elementor-swiper-button elementor-swiper-button-next\" role=\"button\" tabindex=\"0\">\n\t\t\t\t\t\t<i aria-hidden=\"true\" class=\"eicon-chevron-right\"><\/i>\t\t\t\t\t<\/div>\n\t\t\t\t\n\t\t\t\t\t\t\t\t\t<div class=\"swiper-pagination\"><\/div>\n\t\t\t\t\t\t\t\t\t<\/div>\n\t\t\t\t\t\t<\/div>\n\t\t\t\t<\/div>\n\t\t\t\t\t<\/div>\n\t\t<\/div>\n\t\t\t\t\t<\/div>\n\t\t<\/section>\n\t\t\t\t<section class=\"elementor-section elementor-top-section elementor-element elementor-element-125896c elementor-section-stretched elementor-section-boxed elementor-section-height-default elementor-section-height-default\" data-id=\"125896c\" data-element_type=\"section\" data-settings=\"{&quot;stretch_section&quot;:&quot;section-stretched&quot;}\">\n\t\t\t\t\t\t\t<div class=\"elementor-background-overlay\"><\/div>\n\t\t\t\t\t\t\t<div class=\"elementor-container elementor-column-gap-default\">\n\t\t\t\t\t<div class=\"elementor-column elementor-col-100 elementor-top-column elementor-element elementor-element-81e96f4\" data-id=\"81e96f4\" data-element_type=\"column\">\n\t\t\t<div class=\"elementor-widget-wrap elementor-element-populated\">\n\t\t\t\t\t\t<div class=\"elementor-element elementor-element-c0ffc23 elementor-widget elementor-widget-spacer\" data-id=\"c0ffc23\" data-element_type=\"widget\" data-widget_type=\"spacer.default\">\n\t\t\t\t<div class=\"elementor-widget-container\">\n\t\t\t\t\t\t\t<div class=\"elementor-spacer\">\n\t\t\t<div class=\"elementor-spacer-inner\"><\/div>\n\t\t<\/div>\n\t\t\t\t\t\t<\/div>\n\t\t\t\t<\/div>\n\t\t\t\t<div class=\"elementor-element elementor-element-1ea458c elementor-widget elementor-widget-heading\" data-id=\"1ea458c\" data-element_type=\"widget\" data-widget_type=\"heading.default\">\n\t\t\t\t<div class=\"elementor-widget-container\">\n\t\t\t\t\t<h2 class=\"elementor-heading-title elementor-size-default\">Jelentkezz be: +3630 2154 232<\/h2>\t\t\t\t<\/div>\n\t\t\t\t<\/div>\n\t\t\t\t<div class=\"elementor-element elementor-element-ffef5b0 elementor-widget elementor-widget-spacer\" data-id=\"ffef5b0\" data-element_type=\"widget\" data-widget_type=\"spacer.default\">\n\t\t\t\t<div class=\"elementor-widget-container\">\n\t\t\t\t\t\t\t<div class=\"elementor-spacer\">\n\t\t\t<div class=\"elementor-spacer-inner\"><\/div>\n\t\t<\/div>\n\t\t\t\t\t\t<\/div>\n\t\t\t\t<\/div>\n\t\t\t\t\t<\/div>\n\t\t<\/div>\n\t\t\t\t\t<\/div>\n\t\t<\/section>\n\t\t\t\t<\/div>\n\t\t","protected":false},"excerpt":{"rendered":"<p>L\u00e9zeres tetov\u00e1l\u00e1s elt\u00e1vol\u00edt\u00e1s Hegmentes l\u00e9zeres tetov\u00e1l\u00e1s elt\u00e1vol\u00edt\u00e1s is el\u00e9rhet\u0151 st\u00fadi\u00f3nkban, a legmodernebb YAG l\u00e9zer Q-switch g\u00e9p seg\u00edts\u00e9g\u00e9vel. A YAG l\u00e9zer<\/p>\n<p><a href=\"https:\/\/fetishtattoo.com\/index.php\/lezeres-tetovalas-eltavolitas\/\" class=\"more-link\">Tov\u00e1bb<span class=\"screen-reader-text\">L\u00e9zeres tetov\u00e1l\u00e1s elt\u00e1vol\u00edt\u00e1s<\/span><\/a><\/p>\n","protected":false},"author":1,"featured_media":201,"parent":0,"menu_order":0,"comment_status":"closed","ping_status":"closed","template":"","meta":{"footnotes":""},"class_list":["post-521","page","type-page","status-publish","has-post-thumbnail","hentry"],"yoast_head":"<!-- This site is optimized with the Yoast SEO plugin v25.0 - https:\/\/yoast.com\/wordpress\/plugins\/seo\/ -->\n<title>L\u00e9zeres tetov\u00e1l\u00e1s elt\u00e1vol\u00edt\u00e1s - Fetish Studio Westend<\/title>\n<meta name=\"description\" content=\"l\u00e9zeres tetov\u00e1l\u00e1s elt\u00e1vol\u00edt\u00e1s\" \/>\n<meta name=\"robots\" content=\"index, follow, max-snippet:-1, max-image-preview:large, max-video-preview:-1\" \/>\n<link rel=\"canonical\" href=\"https:\/\/fetishtattoo.com\/index.php\/lezeres-tetovalas-eltavolitas\/\" \/>\n<meta property=\"og:locale\" content=\"hu_HU\" \/>\n<meta property=\"og:type\" content=\"article\" \/>\n<meta property=\"og:title\" content=\"L\u00e9zeres tetov\u00e1l\u00e1s elt\u00e1vol\u00edt\u00e1s - Fetish Studio Westend\" \/>\n<meta property=\"og:description\" content=\"l\u00e9zeres tetov\u00e1l\u00e1s elt\u00e1vol\u00edt\u00e1s\" \/>\n<meta property=\"og:url\" content=\"https:\/\/fetishtattoo.com\/index.php\/lezeres-tetovalas-eltavolitas\/\" \/>\n<meta property=\"og:site_name\" content=\"Fetish Studio Westend\" \/>\n<meta property=\"article:publisher\" content=\"https:\/\/www.facebook.com\/FetishTattoo.Piercing\" \/>\n<meta property=\"article:modified_time\" content=\"2022-02-08T21:33:49+00:00\" \/>\n<meta property=\"og:image\" content=\"https:\/\/fetishtattoo.com\/wp-content\/uploads\/2021\/04\/ltetovalaseltavolitas.jpg\" \/>\n\t<meta property=\"og:image:width\" content=\"553\" \/>\n\t<meta property=\"og:image:height\" content=\"393\" \/>\n\t<meta property=\"og:image:type\" content=\"image\/jpeg\" \/>\n<meta name=\"twitter:card\" content=\"summary_large_image\" \/>\n<meta name=\"twitter:label1\" content=\"Becs\u00fclt olvas\u00e1si id\u0151\" \/>\n\t<meta name=\"twitter:data1\" content=\"3 perc\" \/>\n<script type=\"application\/ld+json\" class=\"yoast-schema-graph\">{\"@context\":\"https:\/\/schema.org\",\"@graph\":[{\"@type\":\"WebPage\",\"@id\":\"https:\/\/fetishtattoo.com\/index.php\/lezeres-tetovalas-eltavolitas\/\",\"url\":\"https:\/\/fetishtattoo.com\/index.php\/lezeres-tetovalas-eltavolitas\/\",\"name\":\"L\u00e9zeres tetov\u00e1l\u00e1s elt\u00e1vol\u00edt\u00e1s - Fetish Studio Westend\",\"isPartOf\":{\"@id\":\"https:\/\/fetishtattoo.com\/#website\"},\"primaryImageOfPage\":{\"@id\":\"https:\/\/fetishtattoo.com\/index.php\/lezeres-tetovalas-eltavolitas\/#primaryimage\"},\"image\":{\"@id\":\"https:\/\/fetishtattoo.com\/index.php\/lezeres-tetovalas-eltavolitas\/#primaryimage\"},\"thumbnailUrl\":\"https:\/\/fetishtattoo.com\/wp-content\/uploads\/2021\/04\/ltetovalaseltavolitas.jpg\",\"datePublished\":\"2021-04-23T15:47:33+00:00\",\"dateModified\":\"2022-02-08T21:33:49+00:00\",\"description\":\"l\u00e9zeres tetov\u00e1l\u00e1s elt\u00e1vol\u00edt\u00e1s\",\"breadcrumb\":{\"@id\":\"https:\/\/fetishtattoo.com\/index.php\/lezeres-tetovalas-eltavolitas\/#breadcrumb\"},\"inLanguage\":\"hu\",\"potentialAction\":[{\"@type\":\"ReadAction\",\"target\":[\"https:\/\/fetishtattoo.com\/index.php\/lezeres-tetovalas-eltavolitas\/\"]}]},{\"@type\":\"ImageObject\",\"inLanguage\":\"hu\",\"@id\":\"https:\/\/fetishtattoo.com\/index.php\/lezeres-tetovalas-eltavolitas\/#primaryimage\",\"url\":\"https:\/\/fetishtattoo.com\/wp-content\/uploads\/2021\/04\/ltetovalaseltavolitas.jpg\",\"contentUrl\":\"https:\/\/fetishtattoo.com\/wp-content\/uploads\/2021\/04\/ltetovalaseltavolitas.jpg\",\"width\":553,\"height\":393},{\"@type\":\"BreadcrumbList\",\"@id\":\"https:\/\/fetishtattoo.com\/index.php\/lezeres-tetovalas-eltavolitas\/#breadcrumb\",\"itemListElement\":[{\"@type\":\"ListItem\",\"position\":1,\"name\":\"Kezd\u0151lap\",\"item\":\"https:\/\/fetishtattoo.com\/\"},{\"@type\":\"ListItem\",\"position\":2,\"name\":\"L\u00e9zeres tetov\u00e1l\u00e1s elt\u00e1vol\u00edt\u00e1s\"}]},{\"@type\":\"WebSite\",\"@id\":\"https:\/\/fetishtattoo.com\/#website\",\"url\":\"https:\/\/fetishtattoo.com\/\",\"name\":\"Fetish Studio Westend\",\"description\":\"+3630 215 4232 | Body Art | Tattoo | Piercing | Microdermal | Tetov\u00e1l\u00e1s elt\u00e1vol\u00edt\u00e1s\",\"publisher\":{\"@id\":\"https:\/\/fetishtattoo.com\/#organization\"},\"potentialAction\":[{\"@type\":\"SearchAction\",\"target\":{\"@type\":\"EntryPoint\",\"urlTemplate\":\"https:\/\/fetishtattoo.com\/?s={search_term_string}\"},\"query-input\":{\"@type\":\"PropertyValueSpecification\",\"valueRequired\":true,\"valueName\":\"search_term_string\"}}],\"inLanguage\":\"hu\"},{\"@type\":\"Organization\",\"@id\":\"https:\/\/fetishtattoo.com\/#organization\",\"name\":\"Fetish Studio Westend\",\"url\":\"https:\/\/fetishtattoo.com\/\",\"logo\":{\"@type\":\"ImageObject\",\"inLanguage\":\"hu\",\"@id\":\"https:\/\/fetishtattoo.com\/#\/schema\/logo\/image\/\",\"url\":\"https:\/\/fetishtattoo.com\/wp-content\/uploads\/2021\/04\/cropped-cropped-cropped-cropped-fetish_studio_logo.png\",\"contentUrl\":\"https:\/\/fetishtattoo.com\/wp-content\/uploads\/2021\/04\/cropped-cropped-cropped-cropped-fetish_studio_logo.png\",\"width\":169,\"height\":136,\"caption\":\"Fetish Studio Westend\"},\"image\":{\"@id\":\"https:\/\/fetishtattoo.com\/#\/schema\/logo\/image\/\"},\"sameAs\":[\"https:\/\/www.facebook.com\/FetishTattoo.Piercing\"]}]}<\/script>\n<!-- \/ Yoast SEO plugin. -->","yoast_head_json":{"title":"L\u00e9zeres tetov\u00e1l\u00e1s elt\u00e1vol\u00edt\u00e1s - Fetish Studio Westend","description":"l\u00e9zeres tetov\u00e1l\u00e1s elt\u00e1vol\u00edt\u00e1s","robots":{"index":"index","follow":"follow","max-snippet":"max-snippet:-1","max-image-preview":"max-image-preview:large","max-video-preview":"max-video-preview:-1"},"canonical":"https:\/\/fetishtattoo.com\/index.php\/lezeres-tetovalas-eltavolitas\/","og_locale":"hu_HU","og_type":"article","og_title":"L\u00e9zeres tetov\u00e1l\u00e1s elt\u00e1vol\u00edt\u00e1s - Fetish Studio Westend","og_description":"l\u00e9zeres tetov\u00e1l\u00e1s elt\u00e1vol\u00edt\u00e1s","og_url":"https:\/\/fetishtattoo.com\/index.php\/lezeres-tetovalas-eltavolitas\/","og_site_name":"Fetish Studio Westend","article_publisher":"https:\/\/www.facebook.com\/FetishTattoo.Piercing","article_modified_time":"2022-02-08T21:33:49+00:00","og_image":[{"width":553,"height":393,"url":"https:\/\/fetishtattoo.com\/wp-content\/uploads\/2021\/04\/ltetovalaseltavolitas.jpg","type":"image\/jpeg"}],"twitter_card":"summary_large_image","twitter_misc":{"Becs\u00fclt olvas\u00e1si id\u0151":"3 perc"},"schema":{"@context":"https:\/\/schema.org","@graph":[{"@type":"WebPage","@id":"https:\/\/fetishtattoo.com\/index.php\/lezeres-tetovalas-eltavolitas\/","url":"https:\/\/fetishtattoo.com\/index.php\/lezeres-tetovalas-eltavolitas\/","name":"L\u00e9zeres tetov\u00e1l\u00e1s elt\u00e1vol\u00edt\u00e1s - Fetish Studio Westend","isPartOf":{"@id":"https:\/\/fetishtattoo.com\/#website"},"primaryImageOfPage":{"@id":"https:\/\/fetishtattoo.com\/index.php\/lezeres-tetovalas-eltavolitas\/#primaryimage"},"image":{"@id":"https:\/\/fetishtattoo.com\/index.php\/lezeres-tetovalas-eltavolitas\/#primaryimage"},"thumbnailUrl":"https:\/\/fetishtattoo.com\/wp-content\/uploads\/2021\/04\/ltetovalaseltavolitas.jpg","datePublished":"2021-04-23T15:47:33+00:00","dateModified":"2022-02-08T21:33:49+00:00","description":"l\u00e9zeres tetov\u00e1l\u00e1s elt\u00e1vol\u00edt\u00e1s","breadcrumb":{"@id":"https:\/\/fetishtattoo.com\/index.php\/lezeres-tetovalas-eltavolitas\/#breadcrumb"},"inLanguage":"hu","potentialAction":[{"@type":"ReadAction","target":["https:\/\/fetishtattoo.com\/index.php\/lezeres-tetovalas-eltavolitas\/"]}]},{"@type":"ImageObject","inLanguage":"hu","@id":"https:\/\/fetishtattoo.com\/index.php\/lezeres-tetovalas-eltavolitas\/#primaryimage","url":"https:\/\/fetishtattoo.com\/wp-content\/uploads\/2021\/04\/ltetovalaseltavolitas.jpg","contentUrl":"https:\/\/fetishtattoo.com\/wp-content\/uploads\/2021\/04\/ltetovalaseltavolitas.jpg","width":553,"height":393},{"@type":"BreadcrumbList","@id":"https:\/\/fetishtattoo.com\/index.php\/lezeres-tetovalas-eltavolitas\/#breadcrumb","itemListElement":[{"@type":"ListItem","position":1,"name":"Kezd\u0151lap","item":"https:\/\/fetishtattoo.com\/"},{"@type":"ListItem","position":2,"name":"L\u00e9zeres tetov\u00e1l\u00e1s elt\u00e1vol\u00edt\u00e1s"}]},{"@type":"WebSite","@id":"https:\/\/fetishtattoo.com\/#website","url":"https:\/\/fetishtattoo.com\/","name":"Fetish Studio Westend","description":"+3630 215 4232 | Body Art | Tattoo | Piercing | Microdermal | Tetov\u00e1l\u00e1s elt\u00e1vol\u00edt\u00e1s","publisher":{"@id":"https:\/\/fetishtattoo.com\/#organization"},"potentialAction":[{"@type":"SearchAction","target":{"@type":"EntryPoint","urlTemplate":"https:\/\/fetishtattoo.com\/?s={search_term_string}"},"query-input":{"@type":"PropertyValueSpecification","valueRequired":true,"valueName":"search_term_string"}}],"inLanguage":"hu"},{"@type":"Organization","@id":"https:\/\/fetishtattoo.com\/#organization","name":"Fetish Studio Westend","url":"https:\/\/fetishtattoo.com\/","logo":{"@type":"ImageObject","inLanguage":"hu","@id":"https:\/\/fetishtattoo.com\/#\/schema\/logo\/image\/","url":"https:\/\/fetishtattoo.com\/wp-content\/uploads\/2021\/04\/cropped-cropped-cropped-cropped-fetish_studio_logo.png","contentUrl":"https:\/\/fetishtattoo.com\/wp-content\/uploads\/2021\/04\/cropped-cropped-cropped-cropped-fetish_studio_logo.png","width":169,"height":136,"caption":"Fetish Studio Westend"},"image":{"@id":"https:\/\/fetishtattoo.com\/#\/schema\/logo\/image\/"},"sameAs":["https:\/\/www.facebook.com\/FetishTattoo.Piercing"]}]}},"_links":{"self":[{"href":"https:\/\/fetishtattoo.com\/index.php\/wp-json\/wp\/v2\/pages\/521","targetHints":{"allow":["GET"]}}],"collection":[{"href":"https:\/\/fetishtattoo.com\/index.php\/wp-json\/wp\/v2\/pages"}],"about":[{"href":"https:\/\/fetishtattoo.com\/index.php\/wp-json\/wp\/v2\/types\/page"}],"author":[{"embeddable":true,"href":"https:\/\/fetishtattoo.com\/index.php\/wp-json\/wp\/v2\/users\/1"}],"replies":[{"embeddable":true,"href":"https:\/\/fetishtattoo.com\/index.php\/wp-json\/wp\/v2\/comments?post=521"}],"version-history":[{"count":32,"href":"https:\/\/fetishtattoo.com\/index.php\/wp-json\/wp\/v2\/pages\/521\/revisions"}],"predecessor-version":[{"id":1030,"href":"https:\/\/fetishtattoo.com\/index.php\/wp-json\/wp\/v2\/pages\/521\/revisions\/1030"}],"wp:featuredmedia":[{"embeddable":true,"href":"https:\/\/fetishtattoo.com\/index.php\/wp-json\/wp\/v2\/media\/201"}],"wp:attachment":[{"href":"https:\/\/fetishtattoo.com\/index.php\/wp-json\/wp\/v2\/media?parent=521"}],"curies":[{"name":"wp","href":"https:\/\/api.w.org\/{rel}","templated":true}]}}